 base 14, what is 1406c + -5?
14067
In base 9, what is 1718168 + 0?
1718168
In base 3, what is -110000002 + -101?
-110000110
In base 10, what is 5 - -19049?
19054
In base 10, what is 76801 + 1?
76802
In base 10, what is -5 - -4052?
4047
In base 9, what is -537 + 430?
-107
In base 8, what is 61 + -2111?
-2030
In base 12, what is 1335 + -8?
1329
In base 10, what is 4 - 37934?
-37930
In base 4, what is 130100032 - 2?
130100030
In base 2, what is 10111111110001 + -100110?
10111111001011
In base 11, what is -2 - 8474?
-8476
In base 15, what is -891a - 0?
-891a
In base 8, what is -161 - -5240?
5057
In base 3, what is -2012122 - -112012?
-1200110
In base 11, what is -50 - 3992?
-3a32
In base 9, what is -6 - -1588304?
1588287
In base 2, what is 101011011100011011101 - 100?
101011011100011011001
In base 2, what is 100010001001110 + 100?
100010001010010
In base 15, what is 1 + -489e?
-489d
In base 4, what is 21323 - 123?
21200
In base 16, what is 3f + 1de?
21d
In base 16, what is 26 - 1ef?
-1c9
In base 7, what is -55 + 2650?
2562
In base 15, what is 64aa + -1?
64a9
In base 3, what is -12010 - 1010200?
-1022210
In base 11, what is 81a10 + 4?
81a14
In base 13, what is -333 - -1c6?
-13a
In base 4, what is 13011 + -10330?
2021
In base 4, what is -3200210 + -2?
-3200212
In base 6, what is -3055 + -43?
-3142
In base 10, what is 83618 + 8?
83626
In base 16, what is fe8 - 24?
fc4
In base 10, what is -789 + -31?
-820
In base 4, what is 121113323 - 21?
121113302
In base 7, what is -153125 + 23?
-153102
In base 2, what is 1101010000101011 + -100111?
1101010000000100
In base 6, what is -34442031 - 2?
-34442033
In base 14, what is 150b3 + -1?
150b2
In base 11, what is -392 - -34?
-359
In base 9, what is 148477 + 17?
148505
In base 3, what is 220210220 + 11111?
220222101
In base 6, what is 1424 - 10345?
-4521
In base 11, what is 480 - 14?
467
In base 5, what is -10043 + 111321?
101223
In base 13, what is -3 + 1a8c62?
1a8c5c
In base 16, what is -2 - 2e7b6?
-2e7b8
In base 12, what is 2 - -73418?
7341a
In base 8, what is 0 + -32732?
-32732
In base 8, what is 4 + 72650?
72654
In base 4, what is -1 - -10330103?
10330102
In base 13, what is -819393 + 5?
-81938b
In base 16, what is 2 + -9402d?
-9402b
In base 9, what is -3 + -5567?
-5571
In base 15, what is -15 - -9716?
9701
In base 11, what is 12 - 3a39?
-3a27
In base 7, what is -252 - 4152?
-4434
In base 11, what is 1 + -4851a8?
-4851a7
In base 3, what is 210020220 + -1?
210020212
In base 14, what is -cc64 + 1c?
-cc46
In base 15, what is -b348 - 1?
-b349
In base 8, what is -6 - -1343357?
1343351
In base 2, what is 10 - -101111101100001?
101111101100011
In base 3, what is -102120111010 - 0?
-102120111010
In base 9, what is 5 + 8806?
8812
In base 11, what is 56a + -594?
-25
In base 15, what is 5 + 847a8?
847ad
In base 12, what is 2b + 568?
597
In base 3, what is -2000 + 1002210120?
1002201120
In base 2, what is 1001 - 10010100001?
-10010011000
In base 4, what is -230122323 + -31?
-230123020
In base 10, what is 39 + 2370?
2409
In base 11, what is 1 + -291210?
-29120a
In base 11, what is -4 - -34803?
347aa
In base 3, what is -12112 - 102001?
-121120
In base 11, what is 0 - 42573?
-42573
In base 7, what is 0 - -41551?
41551
In base 2, what is 1100011000011010 + -10?
1100011000011000
In base 7, what is -250036 + -2?
-250041
In base 3, what is -11 + -100120200?
-100120211
In base 16, what is e13 - -3?
e16
In base 16, what is 7a + 1bb?
235
In base 7, what is -21 - -43234?
43213
In base 10, what is 16108 - 9?
16099
In base 4, what is -10 + 3212213120?
3212213110
In base 16, what is 6 - 9f14?
-9f0e
In base 16, what is -3 + -3c92b?
-3c92e
In base 9, what is -16604 - 576?
-17281
In base 13, what is -1c11 + -183?
-2094
In base 14, what is -17b + 1c6?
49
In base 6, what is 31155 - -442?
32041
In base 3, what is 1212202122 + 212?
1212210111
In base 6, what is -4 + -2103324?
-2103332
In base 8, what is -5307 - -251?
-5036
In base 3, what is -22120212202 - -2?
-22120212200
In base 12, what is 8b309 - 5?
8b304
In base 15, what is -2 + 1760d5?
1760d3
In base 9, what is -500883 - 8?
-501002
In base 3, what is -2222120000011 - 2?
-2222120000020
In base 15, what is -c42 - -9?
-c38
In base 10, what is -154 + -2858?
-3012
In base 6, what is 2 + -2504414?
-2504412
In base 2, what is 11111 + 1100011000010110?
1100011000110101
In base 2, what is 1100001001 + 1011100?
1101100101
In base 9, what is 213 + -3562?
-3348
In base 11, what is 307574 - 0?
307574
In base 12, what is 363 + 48?
3ab
In base 4, what is -133 + 20322?
20123
In base 11, what is 2 + 2468?
246a
In base 16, what is 19ac + 4f?
19fb
In base 8, what is 14040 + -2?
14036
In base 4, what is 321 - 31001023?
-31000102
In base 16, what is 4 + 335da?
335de
In base 6, what is 3 - 245255?
-245252
In base 4, what is -1 + -210230022?
-210230023
In base 7, what is -15 - -16421?
16403
In base 9, what is -31838 - 184?
-32133
In base 12, what is 10 - -46a2?
46b2
In base 10, what is 5 + -49668?
-49663
In base 6, what is -1335344 - -4?
-1335340
In base 6, what is -155012 - 42?
-155054
In base 11, what is 3490 - 265?
3226
In base 7, what is 1523 + -1125?
365
In base 9, what is -52237 - 4?
-52242
In base 11, what is -1 + 110097?
110096
In base 6, what is 3504033 - 4?
3504025
In base 9, what is 1 + -42524?
-42523
In base 9, what is -132 + -121?
-253
In base 3, what is 0 - 12112212010?
-12112212010
In base 15, what is 13 + -d0?
-bc
In base 14, what is 2a558 + -7?
2a551
In base 9, what is 137 + 485?
633
In base 6, what is 1100 - -20?
1120
In base 2, what is -1001000101011 - 1110?
-1001000111001
In base 8, what is 3030 + 4?
3034
In base 4, what is -222 + 113103?
112221
In base 4, what is 0 - 3013321?
-3013321
In base 2, what is 101 - 1001100010001?
-1001100001100
In base 9, what is -186 - -6218?
6022
In base 10, what is -3804217 + -1?
-3804218
In base 12, what is 7157 - -9?
7164
In base 9, what is 6651 - 484?
6156
In base 11, what is 77 - -1394?
1460
In base 16, what is -2c + -a7c?
-aa8
In base 12, what is 1a26a + -12?
1a258
In base 12, what is 142 + -27?
117
In base 9, what is 1266665 - -1?
1266666
In base 5, what is 4 - -423040?
423044
In base 6, what is -3233 + -2005?
-5242
In base 10, what is -68 - -1755?
1687
In base 3, what is 211 - -120002012?
120010000
In base 11, what is 78964 - 54?
78910
In base 4, what is -12210120000 + -10?
-12210120010
In base 10, what is 257240 + 3?
257243
In base 11, what is 81 - 33a1?
-3320
In base 11, what is 118 - 3778?
-3660
In base 3, what is -2211 + 10201?
220
In base 9, what is 153 - 164?
-11
In base 8, what is 13 + -6535?
-6522
In base 6, what is 40 + -21251?
-21211
In base 13, what is -5c4 + -13?
-607
In base 16, what is 1 - -227e?
227f
In base 8, what is -6 - 52255?
-52263
In base 13, what is -64 - -5504?
5470
In base 3, what is 222212 + -11021?
211121
In base 7, what is 4 + -2614663?
-2614656
In base 6, what is 4 - -241?
245
In base 9, what is -2526 + 3177?
551
In base 9, what is -4335336 + -2?
-4335338
In base 12, what is 397 + -65?
332
In base 6, what is 132505 + 225?
133134
In base 2, what is 100001101111010001101 - -100?
100001101111010010001
In base 9, what is -5 - -13214?
13208
In base 2, what is -11 - 10100001111001?
-10100001111100
In base 12, what is 3764 + 1?
3765
In base 10, what is 4 - 35413?
-35409
In base 8, what is 2337 + 117?
2456
In base 15, what is -25c + 3e?
-21d
In base 13, what is 1 + -178b7?
-178b6
In base 14, what is -4bd4 - -58?
-4b7a
In base 10, what is 27 - 306?
-279
In base 6, what is -303322 - 30?
-303352
In base 15, what is 4b + 2d?
79
In base 11, what is -8 + -a47a9?
-a4806
In base 12, what is 1a52 + 7?
1a59
In base 15, what is 223ee - 0?
223ee
In base 16, what is -5 - 11996d?
-119972
In base 8, what is -2704 + -652?
-3556
In base 7, what is 4515 + -44?
4441
In base 2, what is 1000001100 - 100011?
111101001
In base 3, what is 220010002 - 20?
220002212
In base 12, what is 689 - 3a?
64b
In base 6, what is -1255 - 2523?
-4222
In base 11, what is -16 - -454?
439
In base 15, what is 4 - 146ec?
-146e8
In base 9, what is 1 - -484?
485
In base 6, what is 0 + 12530015?
12530015
In base 3, what is 21210 - -202212?
1001122
In base 6, what is -433 + -3044?
-3521
In base 4, what is -10131120 - -20?
-10131100
In base 16, what is 1 + 6efe?
6eff
In 